{"id":9767,"date":"2022-01-20T12:16:25","date_gmt":"2022-01-20T17:16:25","guid":{"rendered":"https:\/\/spefct.org\/?page_id=9767"},"modified":"2024-06-27T14:18:59","modified_gmt":"2024-06-27T18:18:59","slug":"malena-loucks-2","status":"publish","type":"page","link":"https:\/\/spefct.org\/es\/malena-loucks-2\/","title":{"rendered":"Malena Loucks"},"content":{"rendered":"<div class=\"wpb-content-wrapper\"><div class=\"vc_row wpb_row vc_row-fluid\"><div class=\"wpb_column vc_column_container vc_col-sm-3\"><div class=\"vc_column-inner\"><div class=\"wpb_wrapper\">\n\t<div  class=\"wpb_single_image wpb_content_element vc_align_center\">\n\t\t\n\t\t<figure class=\"wpb_wrapper vc_figure\">\n\t\t\t<div class=\"vc_single_image-wrapper   vc_box_border_grey\"><img loading=\"lazy\" decoding=\"async\" width=\"300\" height=\"300\" src=\"https:\/\/spefct.org\/wp-content\/uploads\/2015\/07\/malena-300x300.jpg\" class=\"vc_single_image-img attachment-medium\" alt=\"\" title=\"malena\" srcset=\"https:\/\/spefct.org\/wp-content\/uploads\/2015\/07\/malena-300x300.jpg 300w, https:\/\/spefct.org\/wp-content\/uploads\/2015\/07\/malena-1024x1024.jpg 1024w, https:\/\/spefct.org\/wp-content\/uploads\/2015\/07\/malena-150x150.jpg 150w, https:\/\/spefct.org\/wp-content\/uploads\/2015\/07\/malena-768x768.jpg 768w, https:\/\/spefct.org\/wp-content\/uploads\/2015\/07\/malena-1536x1536.jpg 1536w, https:\/\/spefct.org\/wp-content\/uploads\/2015\/07\/malena-2048x2048.jpg 2048w, https:\/\/spefct.org\/wp-content\/uploads\/2015\/07\/malena-12x12.jpg 12w\" sizes=\"auto, (max-width: 300px) 100vw, 300px\"  data-dt-location=\"https:\/\/spefct.org\/es\/dt_team\/malena-loucks-bio\/malena\/\" \/><\/div>\n\t\t<\/figure>\n\t<\/div>\n<\/div><\/div><\/div><div class=\"wpb_column vc_column_container vc_col-sm-9\"><div class=\"vc_column-inner\"><div class=\"wpb_wrapper\">\n\t<div class=\"wpb_text_column wpb_content_element\" >\n\t\t<div class=\"wpb_wrapper\">\n\t\t\t<h3><strong>Magdalena (Malena) Loucks, directora ejecutiva<\/strong><\/h3>\n<p>Malena se uni\u00f3 a SPEF en 2019 como Coordinadora de Participaci\u00f3n Comunitaria. Desde entonces, ha apoyado a SPEF en muchas funciones, incluida la gesti\u00f3n de un proyecto de becas para cuidado infantil y el desarrollo del Plan Estrat\u00e9gico 2022-25.<\/p>\n<p>Antes de mudarse a Stamford, fue gerente de extensi\u00f3n de Pathways LA, la agencia de referencia y recursos de cuidado infantil m\u00e1s grande en el \u00e1rea metropolitana de Los \u00c1ngeles, donde dirigi\u00f3 la optimizaci\u00f3n de los procedimientos de admisi\u00f3n para facilitar la inscripci\u00f3n de padres\/tutores y mejorar la gesti\u00f3n del n\u00famero de casos para los especialistas en inscripci\u00f3n. .<\/p>\n<p>Adem\u00e1s de su experiencia reciente en el sector sin fines de lucro, el amor de Malena por el f\u00fatbol la llev\u00f3 a a\u00f1os de trabajo en el desarrollo de marcas y fan\u00e1ticos, desarrollo comunitario y operaciones de medios y torneos para varios clubes profesionales, ligas y organizaciones de medios. Ha trabajado para clubes profesionales (FC Bayern Munich, New York City Football Club, New York Cosmos, California United FC), medios de comunicaci\u00f3n (Univision Deportes, The Guardian, Howler Magazine) y ligas y confederaciones (US Soccer, Major League Soccer , la Confederaci\u00f3n de Norte, Centroam\u00e9rica y el Caribe de F\u00fatbol Asociaci\u00f3n).<\/p>\n<p>Malena tiene una licenciatura en Relaciones P\u00fablicas de la Universidad del Norte de Arizona y fue miembro del Centro de Liderazgo C\u00edvico de Arizona de la Fundaci\u00f3n Flinn. Ella sirvi\u00f3 cinco a\u00f1os en la Junta Directiva del Distrito Escolar Unificado de Sunnyside; era el miembro m\u00e1s joven de la historia de la Junta en el momento en que fue nombrada en 2007.<\/p>\n<p>Malena es una orgullosa estadounidense de primera generaci\u00f3n que emigr\u00f3 a los Estados Unidos desde M\u00e9xico a la edad de seis a\u00f1os. Vive en Stamford con su marido, Nate, y sus hijos Lennox (4) y Neko (15 meses).<\/p>\n\n\t\t<\/div>\n\t<\/div>\n<\/div><\/div><\/div><\/div><\/div>","protected":false},"excerpt":{"rendered":"<p>Magdalena (Malena) Loucks, directora ejecutiva Malena se uni\u00f3 a SPEF en 2019 como coordinadora de participaci\u00f3n comunitaria. Desde entonces, ha apoyado a SPEF en muchas funciones, incluida la gesti\u00f3n de un proyecto de becas de cuidado infantil y la supervisi\u00f3n del desarrollo del plan estrat\u00e9gico 2022-25. Antes de mudarse a Stamford, fue gerente de extensi\u00f3n de Pathways LA, la organizaci\u00f3n de educaci\u00f3n infantil m\u00e1s grande del mundo\u2026<\/p>","protected":false},"author":50,"featured_media":0,"parent":0,"menu_order":0,"comment_status":"closed","ping_status":"closed","template":"","meta":{"om_disable_all_campaigns":false,"_monsterinsights_skip_tracking":false,"_monsterinsights_sitenote_active":false,"_monsterinsights_sitenote_note":"","_monsterinsights_sitenote_category":0,"footnotes":""},"class_list":["post-9767","page","type-page","status-publish","hentry","description-off"],"aioseo_notices":[],"_links":{"self":[{"href":"https:\/\/spefct.org\/es\/wp-json\/wp\/v2\/pages\/9767","targetHints":{"allow":["GET"]}}],"collection":[{"href":"https:\/\/spefct.org\/es\/wp-json\/wp\/v2\/pages"}],"about":[{"href":"https:\/\/spefct.org\/es\/wp-json\/wp\/v2\/types\/page"}],"author":[{"embeddable":true,"href":"https:\/\/spefct.org\/es\/wp-json\/wp\/v2\/users\/50"}],"replies":[{"embeddable":true,"href":"https:\/\/spefct.org\/es\/wp-json\/wp\/v2\/comments?post=9767"}],"version-history":[{"count":4,"href":"https:\/\/spefct.org\/es\/wp-json\/wp\/v2\/pages\/9767\/revisions"}],"predecessor-version":[{"id":12303,"href":"https:\/\/spefct.org\/es\/wp-json\/wp\/v2\/pages\/9767\/revisions\/12303"}],"wp:attachment":[{"href":"https:\/\/spefct.org\/es\/wp-json\/wp\/v2\/media?parent=9767"}],"curies":[{"name":"gracias","href":"https:\/\/api.w.org\/{rel}","templated":true}]}}

<div class="wpb-content-wrapper"><div class="vc_row wpb_row vc_row-fluid"><div class="wpb_column vc_column_container vc_col-sm-3"><div class="vc_column-inner"><div class="wpb_wrapper">
	<div  class="wpb_single_image wpb_content_element vc_align_center">
		
		<figure class="wpb_wrapper vc_figure">
			<div class="vc_single_image-wrapper   vc_box_border_grey"><img loading="lazy" decoding="async" width="300" height="300" src="https://spefct.org/wp-content/uploads/2015/07/malena-300x300.jpg" class="vc_single_image-img attachment-medium" alt="" title="malena" srcset="https://spefct.org/wp-content/uploads/2015/07/malena-300x300.jpg 300w, https://spefct.org/wp-content/uploads/2015/07/malena-1024x1024.jpg 1024w, https://spefct.org/wp-content/uploads/2015/07/malena-150x150.jpg 150w, https://spefct.org/wp-content/uploads/2015/07/malena-768x768.jpg 768w, https://spefct.org/wp-content/uploads/2015/07/malena-1536x1536.jpg 1536w, https://spefct.org/wp-content/uploads/2015/07/malena-2048x2048.jpg 2048w, https://spefct.org/wp-content/uploads/2015/07/malena-12x12.jpg 12w" sizes="auto, (max-width: 300px) 100vw, 300px"  data-dt-location="https://spefct.org/es/dt_team/malena-loucks-bio/malena/" /></div>
		</figure>
	</div>
</div></div></div><div class="wpb_column vc_column_container vc_col-sm-9"><div class="vc_column-inner"><div class="wpb_wrapper">
	<div class="wpb_text_column wpb_content_element" >
		<div class="wpb_wrapper">
			<h3><strong>Magdalena (Malena) Loucks, directora ejecutiva</strong></h3>
<p>Malena se unió a SPEF en 2019 como Coordinadora de Participación Comunitaria. Desde entonces, ha apoyado a SPEF en muchas funciones, incluida la gestión de un proyecto de becas para cuidado infantil y el desarrollo del Plan Estratégico 2022-25.</p>
<p>Antes de mudarse a Stamford, fue gerente de extensión de Pathways LA, la agencia de referencia y recursos de cuidado infantil más grande en el área metropolitana de Los Ángeles, donde dirigió la optimización de los procedimientos de admisión para facilitar la inscripción de padres/tutores y mejorar la gestión del número de casos para los especialistas en inscripción. .</p>
<p>Además de su experiencia reciente en el sector sin fines de lucro, el amor de Malena por el fútbol la llevó a años de trabajo en el desarrollo de marcas y fanáticos, desarrollo comunitario y operaciones de medios y torneos para varios clubes profesionales, ligas y organizaciones de medios. Ha trabajado para clubes profesionales (FC Bayern Munich, New York City Football Club, New York Cosmos, California United FC), medios de comunicación (Univision Deportes, The Guardian, Howler Magazine) y ligas y confederaciones (US Soccer, Major League Soccer , la Confederación de Norte, Centroamérica y el Caribe de Fútbol Asociación).</p>
<p>Malena tiene una licenciatura en Relaciones Públicas de la Universidad del Norte de Arizona y fue miembro del Centro de Liderazgo Cívico de Arizona de la Fundación Flinn. Ella sirvió cinco años en la Junta Directiva del Distrito Escolar Unificado de Sunnyside; era el miembro más joven de la historia de la Junta en el momento en que fue nombrada en 2007.</p>
<p>Malena es una orgullosa estadounidense de primera generación que emigró a los Estados Unidos desde México a la edad de seis años. Vive en Stamford con su marido, Nate, y sus hijos Lennox (4) y Neko (15 meses).</p>

		</div>
	</div>
</div></div></div></div></div>

<p>Magdalena (Malena) Loucks, directora ejecutiva Malena se unió a SPEF en 2019 como coordinadora de participación comunitaria. Desde entonces, ha apoyado a SPEF en muchas funciones, incluida la gestión de un proyecto de becas de cuidado infantil y la supervisión del desarrollo del plan estratégico 2022-25. Antes de mudarse a Stamford, fue gerente de extensión de Pathways LA, la organización de educación infantil más grande del mundo…</p>
