{"id":8625,"date":"2021-04-29T16:48:28","date_gmt":"2021-04-29T20:48:28","guid":{"rendered":"https:\/\/spefct.org\/?page_id=8625"},"modified":"2026-04-03T12:58:02","modified_gmt":"2026-04-03T16:58:02","slug":"high-school","status":"publish","type":"page","link":"https:\/\/spefct.org\/es\/high-school\/","title":{"rendered":"Preparando a los estudiantes de secundaria para el \u00e9xito"},"content":{"rendered":"<div class=\"wpb-content-wrapper\"><div class=\"vc_row wpb_row vc_row-fluid\"><div class=\"wpb_column vc_column_container vc_col-sm-12\"><div class=\"vc_column-inner\"><div class=\"wpb_wrapper\"><div class=\"vc_row wpb_row vc_inner vc_row-fluid\"><div class=\"wpb_column vc_column_container vc_col-sm-4\"><div class=\"vc_column-inner\"><div class=\"wpb_wrapper\">\n\t<div  class=\"wpb_single_image wpb_content_element vc_align_left\">\n\t\t\n\t\t<figure class=\"wpb_wrapper vc_figure\">\n\t\t\t<div class=\"vc_single_image-wrapper   vc_box_border_grey\"><img decoding=\"async\" class=\"vc_single_image-img\" src=\"https:\/\/spefct.org\/wp-content\/uploads\/2023\/03\/1-1.png\" width=\"500\" height=\"300\" alt=\"1\" title=\"1\" loading=\"lazy\"  data-dt-location=\"https:\/\/spefct.org\/es\/high-school\/1-11\/\" \/><\/div>\n\t\t<\/figure>\n\t<\/div>\n<\/div><\/div><\/div><div class=\"wpb_column vc_column_container vc_col-sm-4\"><div class=\"vc_column-inner\"><div class=\"wpb_wrapper\">\n\t<div  class=\"wpb_single_image wpb_content_element vc_align_left\">\n\t\t\n\t\t<figure class=\"wpb_wrapper vc_figure\">\n\t\t\t<div class=\"vc_single_image-wrapper   vc_box_border_grey\"><img decoding=\"async\" class=\"vc_single_image-img\" src=\"https:\/\/spefct.org\/wp-content\/uploads\/2023\/03\/3.png\" width=\"500\" height=\"300\" alt=\"3\" title=\"3\" loading=\"lazy\"  data-dt-location=\"https:\/\/spefct.org\/es\/high-school\/3-7\/\" \/><\/div>\n\t\t<\/figure>\n\t<\/div>\n<\/div><\/div><\/div><div class=\"wpb_column vc_column_container vc_col-sm-4\"><div class=\"vc_column-inner\"><div class=\"wpb_wrapper\">\n\t<div  class=\"wpb_single_image wpb_content_element vc_align_left\">\n\t\t\n\t\t<figure class=\"wpb_wrapper vc_figure\">\n\t\t\t<div class=\"vc_single_image-wrapper   vc_box_border_grey\"><img decoding=\"async\" class=\"vc_single_image-img\" src=\"https:\/\/spefct.org\/wp-content\/uploads\/2023\/03\/2-1.png\" width=\"500\" height=\"300\" alt=\"2\" title=\"2\" loading=\"lazy\"  data-dt-location=\"https:\/\/spefct.org\/es\/high-school\/2-13\/\" \/><\/div>\n\t\t<\/figure>\n\t<\/div>\n<\/div><\/div><\/div><\/div><div class=\"vc_row wpb_row vc_inner vc_row-fluid\"><div class=\"wpb_column vc_column_container vc_col-sm-12\"><div class=\"vc_column-inner\"><div class=\"wpb_wrapper\">\n\t<div class=\"wpb_text_column wpb_content_element\" >\n\t\t<div class=\"wpb_wrapper\">\n\t\t\t<h3><strong>Brindar a los estudiantes el apoyo para prosperar<\/strong><\/h3>\n<p>El Programa de tutor\u00eda para escuelas secundarias de SPEF se dedica a brindar a los estudiantes los recursos y la orientaci\u00f3n que necesitan para prosperar acad\u00e9mica, social y emocionalmente. Con un enfoque en la preparaci\u00f3n universitaria y profesional, SPEF utiliza asociaciones estrat\u00e9gicas con voluntarios universitarios, comunitarios y corporativos para brindar a los estudiantes sesiones de tutor\u00eda individuales y grupales dirigidas por mentores capacitados. Los estudiantes y mentores se enfocan en establecer y lograr metas, mejorar la situaci\u00f3n acad\u00e9mica, participar en actividades positivas despu\u00e9s de la escuela y prepararse para el \u00e9xito postsecundario.<\/p>\n<p>Adem\u00e1s de reunirse con mentores, los estudiantes tienen la oportunidad de reunirse con un Coordinador del Programa SPEF dos veces al mes. El Coordinador ofrece gesti\u00f3n de casos, identifica necesidades individuales y conecta a los estudiantes con recursos adicionales seg\u00fan sea necesario:<\/p>\n<ul>\n<li>Socioemocional (asesoramiento profesional),<\/li>\n<li>Acad\u00e9mico (tutor\u00eda),<\/li>\n<li>Enriquecimiento (coordinar actividades fuera de la escuela con becas seg\u00fan sea necesario),<\/li>\n<li>Participaci\u00f3n familiar (conexiones de recursos)<\/li>\n<\/ul>\n<p>Para obtener m\u00e1s informaci\u00f3n, comun\u00edquese con <a href=\"mailto:programs@spefct.org\">programs@spefct.org<\/a> o llame al (203) 965-7733.<\/p>\n\n\t\t<\/div>\n\t<\/div>\n<\/div><\/div><\/div><\/div><\/div><\/div><\/div><\/div><\/div>","protected":false},"excerpt":{"rendered":"<p>El Programa de Mentor\u00eda para Estudiantes de Preparatoria de SPEF se dedica a brindar a los estudiantes los recursos y la orientaci\u00f3n que necesitan para prosperar acad\u00e9mica, social y emocionalmente. Con un enfoque en la preparaci\u00f3n para la universidad y la carrera profesional, SPEF utiliza alianzas estrat\u00e9gicas con voluntarios universitarios, comunitarios y corporativos para brindar a los estudiantes apoyo individual y grupal.<\/p>","protected":false},"author":50,"featured_media":0,"parent":0,"menu_order":0,"comment_status":"closed","ping_status":"closed","template":"","meta":{"om_disable_all_campaigns":false,"_monsterinsights_skip_tracking":false,"_monsterinsights_sitenote_active":false,"_monsterinsights_sitenote_note":"","_monsterinsights_sitenote_category":0,"footnotes":""},"class_list":["post-8625","page","type-page","status-publish","hentry","description-off"],"aioseo_notices":[],"_links":{"self":[{"href":"https:\/\/spefct.org\/es\/wp-json\/wp\/v2\/pages\/8625","targetHints":{"allow":["GET"]}}],"collection":[{"href":"https:\/\/spefct.org\/es\/wp-json\/wp\/v2\/pages"}],"about":[{"href":"https:\/\/spefct.org\/es\/wp-json\/wp\/v2\/types\/page"}],"author":[{"embeddable":true,"href":"https:\/\/spefct.org\/es\/wp-json\/wp\/v2\/users\/50"}],"replies":[{"embeddable":true,"href":"https:\/\/spefct.org\/es\/wp-json\/wp\/v2\/comments?post=8625"}],"version-history":[{"count":12,"href":"https:\/\/spefct.org\/es\/wp-json\/wp\/v2\/pages\/8625\/revisions"}],"predecessor-version":[{"id":12990,"href":"https:\/\/spefct.org\/es\/wp-json\/wp\/v2\/pages\/8625\/revisions\/12990"}],"wp:attachment":[{"href":"https:\/\/spefct.org\/es\/wp-json\/wp\/v2\/media?parent=8625"}],"curies":[{"name":"gracias","href":"https:\/\/api.w.org\/{rel}","templated":true}]}}

Preparando a los estudiantes de secundaria para el éxito

<div class="wpb-content-wrapper"><div class="vc_row wpb_row vc_row-fluid"><div class="wpb_column vc_column_container vc_col-sm-12"><div class="vc_column-inner"><div class="wpb_wrapper"><div class="vc_row wpb_row vc_inner vc_row-fluid"><div class="wpb_column vc_column_container vc_col-sm-4"><div class="vc_column-inner"><div class="wpb_wrapper">
	<div  class="wpb_single_image wpb_content_element vc_align_left">
		
		<figure class="wpb_wrapper vc_figure">
			<div class="vc_single_image-wrapper   vc_box_border_grey"><img decoding="async" class="vc_single_image-img" src="https://spefct.org/wp-content/uploads/2023/03/1-1.png" width="500" height="300" alt="1" title="1" loading="lazy"  data-dt-location="https://spefct.org/es/high-school/1-11/" /></div>
		</figure>
	</div>
</div></div></div><div class="wpb_column vc_column_container vc_col-sm-4"><div class="vc_column-inner"><div class="wpb_wrapper">
	<div  class="wpb_single_image wpb_content_element vc_align_left">
		
		<figure class="wpb_wrapper vc_figure">
			<div class="vc_single_image-wrapper   vc_box_border_grey"><img decoding="async" class="vc_single_image-img" src="https://spefct.org/wp-content/uploads/2023/03/3.png" width="500" height="300" alt="3" title="3" loading="lazy"  data-dt-location="https://spefct.org/es/high-school/3-7/" /></div>
		</figure>
	</div>
</div></div></div><div class="wpb_column vc_column_container vc_col-sm-4"><div class="vc_column-inner"><div class="wpb_wrapper">
	<div  class="wpb_single_image wpb_content_element vc_align_left">
		
		<figure class="wpb_wrapper vc_figure">
			<div class="vc_single_image-wrapper   vc_box_border_grey"><img decoding="async" class="vc_single_image-img" src="https://spefct.org/wp-content/uploads/2023/03/2-1.png" width="500" height="300" alt="2" title="2" loading="lazy"  data-dt-location="https://spefct.org/es/high-school/2-13/" /></div>
		</figure>
	</div>
</div></div></div></div><div class="vc_row wpb_row vc_inner vc_row-fluid"><div class="wpb_column vc_column_container vc_col-sm-12"><div class="vc_column-inner"><div class="wpb_wrapper">
	<div class="wpb_text_column wpb_content_element" >
		<div class="wpb_wrapper">
			<h3><strong>Brindar a los estudiantes el apoyo para prosperar</strong></h3>
<p>El Programa de tutoría para escuelas secundarias de SPEF se dedica a brindar a los estudiantes los recursos y la orientación que necesitan para prosperar académica, social y emocionalmente. Con un enfoque en la preparación universitaria y profesional, SPEF utiliza asociaciones estratégicas con voluntarios universitarios, comunitarios y corporativos para brindar a los estudiantes sesiones de tutoría individuales y grupales dirigidas por mentores capacitados. Los estudiantes y mentores se enfocan en establecer y lograr metas, mejorar la situación académica, participar en actividades positivas después de la escuela y prepararse para el éxito postsecundario.</p>
<p>Además de reunirse con mentores, los estudiantes tienen la oportunidad de reunirse con un Coordinador del Programa SPEF dos veces al mes. El Coordinador ofrece gestión de casos, identifica necesidades individuales y conecta a los estudiantes con recursos adicionales según sea necesario:</p>
<ul>
<li>Socioemocional (asesoramiento profesional),</li>
<li>Académico (tutoría),</li>
<li>Enriquecimiento (coordinar actividades fuera de la escuela con becas según sea necesario),</li>
<li>Participación familiar (conexiones de recursos)</li>
</ul>
<p>Para obtener más información, comuníquese con <a href="mailto:programs@spefct.org">programs@spefct.org</a> o llame al (203) 965-7733.</p>

		</div>
	</div>
</div></div></div></div></div></div></div></div></div>

<p>El Programa de Mentoría para Estudiantes de Preparatoria de SPEF se dedica a brindar a los estudiantes los recursos y la orientación que necesitan para prosperar académica, social y emocionalmente. Con un enfoque en la preparación para la universidad y la carrera profesional, SPEF utiliza alianzas estratégicas con voluntarios universitarios, comunitarios y corporativos para brindar a los estudiantes apoyo individual y grupal.</p>
