{"id":4073,"date":"2017-11-13T15:34:48","date_gmt":"2017-11-13T20:34:48","guid":{"rendered":"https:\/\/spefct.org\/?page_id=4073"},"modified":"2024-01-26T13:33:17","modified_gmt":"2024-01-26T18:33:17","slug":"stamford-mentoring-program","status":"publish","type":"page","link":"https:\/\/spefct.org\/es\/stamford-mentoring-program\/","title":{"rendered":"PROGRAMA DE MENTOR\u00cdA DE LA ESCUELA INTERMEDIA"},"content":{"rendered":"<div class=\"wpb-content-wrapper\"><div class=\"vc_row wpb_row vc_row-fluid\"><div class=\"wpb_column vc_column_container vc_col-sm-12\"><div class=\"vc_column-inner\"><div class=\"wpb_wrapper\"><div class=\"vc_row wpb_row vc_inner vc_row-fluid\"><div class=\"wpb_column vc_column_container vc_col-sm-4\"><div class=\"vc_column-inner\"><div class=\"wpb_wrapper\">\n\t<div  class=\"wpb_single_image wpb_content_element vc_align_center\">\n\t\t\n\t\t<figure class=\"wpb_wrapper vc_figure\">\n\t\t\t<div class=\"vc_single_image-wrapper   vc_box_border_grey\"><img decoding=\"async\" class=\"vc_single_image-img\" src=\"https:\/\/spefct.org\/wp-content\/uploads\/2022\/11\/2-500x300.jpg\" width=\"500\" height=\"300\" alt=\"2\" title=\"2\" loading=\"lazy\"  data-dt-location=\"https:\/\/spefct.org\/es\/stamford-mentoring-program\/2-10\/\" \/><\/div>\n\t\t<\/figure>\n\t<\/div>\n<a href=\"https:\/\/spefct.salsalabs.org\/volunteer\/index.html\" class=\"btn-shortcode dt-btn-l dt-btn default-btn-color default-btn-hover-color default-btn-bg-color default-btn-bg-hover-color mainbutton\" target=\"_blank\" id=\"dt-btn-1\" rel=\"noopener\"><span>APLICAR AQU\u00cd PARA CONVERTIRSE EN MENTOR<\/span><\/a><\/div><\/div><\/div><div class=\"wpb_column vc_column_container vc_col-sm-4\"><div class=\"vc_column-inner\"><div class=\"wpb_wrapper\">\n\t<div  class=\"wpb_single_image wpb_content_element vc_align_center\">\n\t\t\n\t\t<figure class=\"wpb_wrapper vc_figure\">\n\t\t\t<div class=\"vc_single_image-wrapper   vc_box_border_grey\"><img decoding=\"async\" class=\"vc_single_image-img\" src=\"https:\/\/spefct.org\/wp-content\/uploads\/2023\/03\/IMG_3750-scaled-500x300.jpg\" width=\"500\" height=\"300\" alt=\"IMG_3750\" title=\"IMG_3750\" loading=\"lazy\"  data-dt-location=\"https:\/\/spefct.org\/es\/stamford-mentoring-program\/img_3750\/\" \/><\/div>\n\t\t<\/figure>\n\t<\/div>\n<\/div><\/div><\/div><div class=\"wpb_column vc_column_container vc_col-sm-4\"><div class=\"vc_column-inner\"><div class=\"wpb_wrapper\">\n\t<div  class=\"wpb_single_image wpb_content_element vc_align_center\">\n\t\t\n\t\t<figure class=\"wpb_wrapper vc_figure\">\n\t\t\t<div class=\"vc_single_image-wrapper   vc_box_border_grey\"><img decoding=\"async\" class=\"vc_single_image-img\" src=\"https:\/\/spefct.org\/wp-content\/uploads\/2023\/03\/DSC03015-scaled-500x300.jpg\" width=\"500\" height=\"300\" alt=\"DSC03015\" title=\"DSC03015\" loading=\"lazy\"  data-dt-location=\"https:\/\/spefct.org\/es\/stamford-mentoring-program\/dsc03015\/\" \/><\/div>\n\t\t<\/figure>\n\t<\/div>\n<\/div><\/div><\/div><\/div><div class=\"vc_row wpb_row vc_inner vc_row-fluid\"><div class=\"wpb_column vc_column_container vc_col-sm-12\"><div class=\"vc_column-inner\"><div class=\"wpb_wrapper\">\n\t<div class=\"wpb_text_column wpb_content_element\" >\n\t\t<div class=\"wpb_wrapper\">\n\t\t\t<h3><strong>Apoyar las metas de los estudiantes y crear un cambio reflexivo<\/strong><\/h3>\n<!-- Google tag (gtag.js) -->\r\n<script async src=\"https:\/\/www.googletagmanager.com\/gtag\/js?id=AW-969747961\"><\/script>\r\n<script>\r\n  window.dataLayer = window.dataLayer || [];\r\n  function gtag(){dataLayer.push(arguments);}\r\n  gtag('js', new Date());\r\n\r\n  gtag('config', 'AW-969747961');\r\n<\/script>\n<p>Durante m\u00e1s de una d\u00e9cada, el Programa de Mentor\u00eda para Escuelas Intermedias de SPEF, reconocido a nivel nacional, ha brindado a los estudiantes recursos y orientaci\u00f3n que los ayudan a tener \u00e9xito acad\u00e9mico, social y emocional. Nos asociamos con voluntarios universitarios, comunitarios y corporativos para brindarles a los estudiantes sesiones semanales de tutor\u00eda individuales y grupales con voluntarios capacitados. Actualmente, SPEF ofrece tutor\u00eda en escuelas intermedias para los grados sexto a octavo. El Programa de tutor\u00eda para escuelas intermedias de SPEF adopta un enfoque hol\u00edstico para servir a nuestros estudiantes.<\/p>\n<p>Nuestros mentores voluntarios trabajan con los estudiantes para guiarlos a trav\u00e9s de cuatro objetivos principales: establecer metas, mejorar el rendimiento acad\u00e9mico, participar en actividades positivas despu\u00e9s de la escuela y prepararse para el \u00e9xito postsecundario. Los estudiantes aprenden habilidades pr\u00e1cticas que son aplicables tanto dentro como fuera del aula. Para fortalecer el impacto del programa en cada individuo y ayudar a facilitar un cambio duradero, los estudiantes del Programa de Mentor\u00eda para Escuelas Intermedias de SPEF tambi\u00e9n se re\u00fanen con un Coordinador del Programa SPEF dos veces al mes, quienes brindan administraci\u00f3n de casos y tutor\u00eda. Aqu\u00ed, el Coordinador tiene la oportunidad de identificar necesidades individuales y conectarlas con recursos gratuitos:<\/p>\n<ul>\n<li>Socioemocional (asesoramiento profesional),<\/li>\n<li>Acad\u00e9mico (tutor\u00eda),<\/li>\n<li>Enriquecimiento (coordinar actividades fuera de la escuela con becas seg\u00fan sea necesario),<\/li>\n<li>Participaci\u00f3n familiar (conexiones de recursos)<\/li>\n<\/ul>\n<p>Para obtener m\u00e1s informaci\u00f3n, comun\u00edquese con <a href=\"mailto:programs@spefct.org\">programs@spefct.org<\/a> o llame al (203) 965-7733.<\/p>\n\n\t\t<\/div>\n\t<\/div>\n<\/div><\/div><\/div><\/div><\/div><\/div><\/div><\/div><div class=\"vc_row wpb_row vc_row-fluid\"><div class=\"wpb_column vc_column_container vc_col-sm-12\"><div class=\"vc_column-inner\"><div class=\"wpb_wrapper\"><div class=\"vc_row wpb_row vc_inner vc_row-fluid\"><div class=\"wpb_column vc_column_container vc_col-sm-12\"><div class=\"vc_column-inner\"><div class=\"wpb_wrapper\">\n\t<div class=\"wpb_text_column wpb_content_element\" >\n\t\t<div class=\"wpb_wrapper\">\n\t\t\t<p align=\"center\"><iframe loading=\"lazy\" title=\"reproductor de videos de youtube\" src=\"https:\/\/www.youtube.com\/embed\/Gql7rK1xZjU\" width=\"560\" height=\"315\" frameborder=\"0\" allowfullscreen=\"allowfullscreen\"><\/iframe><\/p>\n\n\t\t<\/div>\n\t<\/div>\n<\/div><\/div><\/div><\/div><div class=\"vc_row wpb_row vc_inner vc_row-fluid vc_column-gap-30 vc_row-o-equal-height vc_row-flex\"><div class=\"wpb_column vc_column_container vc_col-sm-4 vc_col-has-fill\"><div class=\"vc_column-inner vc_custom_1679582806869\"><div class=\"wpb_wrapper\">\n\t<div class=\"wpb_text_column wpb_content_element  vc_custom_1688665467999\" >\n\t\t<div class=\"wpb_wrapper\">\n\t\t\t<h3>Jeffry, Turn of River, 7\u00ba grado<\/h3>\n<p><em>\u201cMi mentor me ayud\u00f3 a tener m\u00e1s confianza; \u00e9l nos entiende\u201d.<\/em><\/p>\n\n\t\t<\/div>\n\t<\/div>\n<\/div><\/div><\/div><div class=\"wpb_column vc_column_container vc_col-sm-4 vc_col-has-fill\"><div class=\"vc_column-inner vc_custom_1679582803010\"><div class=\"wpb_wrapper\">\n\t<div class=\"wpb_text_column wpb_content_element  vc_custom_1688665410316\" >\n\t\t<div class=\"wpb_wrapper\">\n\t\t\t<h3>Adela, Rippowam, 7\u00ba grado<\/h3>\n<p><em>\u201cMi mentor me escuch\u00f3 y me dio buenos consejos\u201d.<\/em><\/p>\n\n\t\t<\/div>\n\t<\/div>\n<\/div><\/div><\/div><div class=\"wpb_column vc_column_container vc_col-sm-4 vc_col-has-fill\"><div class=\"vc_column-inner vc_custom_1679582813582\"><div class=\"wpb_wrapper\">\n\t<div class=\"wpb_text_column wpb_content_element  vc_custom_1688665445590\" >\n\t\t<div class=\"wpb_wrapper\">\n\t\t\t<h3>Iv\u00e1n, Cloonan, 8\u00ba grado<\/h3>\n<p><em>\u201cMi mentor me ayud\u00f3 a establecer metas, organizarme y aprender cosas nuevas\u201d.<\/em><\/p>\n\n\t\t<\/div>\n\t<\/div>\n<\/div><\/div><\/div><\/div><\/div><\/div><\/div><\/div><\/div>","protected":false},"excerpt":{"rendered":"<p>Apoyar las metas de los estudiantes y crear cambios reflexivos Durante m\u00e1s de una d\u00e9cada, el programa de tutor\u00eda para escuelas intermedias reconocido a nivel nacional de SPEF ha brindado a los estudiantes recursos y orientaci\u00f3n que los ayudan a tener \u00e9xito acad\u00e9mico, social y emocional. Nos asociamos con voluntarios universitarios, comunitarios y corporativos para brindarles a los estudiantes sesiones semanales de tutor\u00eda individuales y grupales con voluntarios capacitados. SPEF\u2026<\/p>","protected":false},"author":50,"featured_media":0,"parent":0,"menu_order":0,"comment_status":"closed","ping_status":"closed","template":"","meta":{"om_disable_all_campaigns":false,"_monsterinsights_skip_tracking":false,"_monsterinsights_sitenote_active":false,"_monsterinsights_sitenote_note":"","_monsterinsights_sitenote_category":0,"footnotes":""},"class_list":["post-4073","page","type-page","status-publish","hentry","description-off"],"aioseo_notices":[],"_links":{"self":[{"href":"https:\/\/spefct.org\/es\/wp-json\/wp\/v2\/pages\/4073","targetHints":{"allow":["GET"]}}],"collection":[{"href":"https:\/\/spefct.org\/es\/wp-json\/wp\/v2\/pages"}],"about":[{"href":"https:\/\/spefct.org\/es\/wp-json\/wp\/v2\/types\/page"}],"author":[{"embeddable":true,"href":"https:\/\/spefct.org\/es\/wp-json\/wp\/v2\/users\/50"}],"replies":[{"embeddable":true,"href":"https:\/\/spefct.org\/es\/wp-json\/wp\/v2\/comments?post=4073"}],"version-history":[{"count":48,"href":"https:\/\/spefct.org\/es\/wp-json\/wp\/v2\/pages\/4073\/revisions"}],"predecessor-version":[{"id":11694,"href":"https:\/\/spefct.org\/es\/wp-json\/wp\/v2\/pages\/4073\/revisions\/11694"}],"wp:attachment":[{"href":"https:\/\/spefct.org\/es\/wp-json\/wp\/v2\/media?parent=4073"}],"curies":[{"name":"gracias","href":"https:\/\/api.w.org\/{rel}","templated":true}]}}

PROGRAMA DE MENTORÍA DE LA ESCUELA INTERMEDIA

<div class="wpb-content-wrapper"><div class="vc_row wpb_row vc_row-fluid"><div class="wpb_column vc_column_container vc_col-sm-12"><div class="vc_column-inner"><div class="wpb_wrapper"><div class="vc_row wpb_row vc_inner vc_row-fluid"><div class="wpb_column vc_column_container vc_col-sm-4"><div class="vc_column-inner"><div class="wpb_wrapper">
	<div  class="wpb_single_image wpb_content_element vc_align_center">
		
		<figure class="wpb_wrapper vc_figure">
			<div class="vc_single_image-wrapper   vc_box_border_grey"><img decoding="async" class="vc_single_image-img" src="https://spefct.org/wp-content/uploads/2022/11/2-500x300.jpg" width="500" height="300" alt="2" title="2" loading="lazy"  data-dt-location="https://spefct.org/es/stamford-mentoring-program/2-10/" /></div>
		</figure>
	</div>
<a href="https://spefct.salsalabs.org/volunteer/index.html" class="btn-shortcode dt-btn-l dt-btn default-btn-color default-btn-hover-color default-btn-bg-color default-btn-bg-hover-color mainbutton" target="_blank" id="dt-btn-1" rel="noopener"><span>APLICAR AQUÍ PARA CONVERTIRSE EN MENTOR</span></a></div></div></div><div class="wpb_column vc_column_container vc_col-sm-4"><div class="vc_column-inner"><div class="wpb_wrapper">
	<div  class="wpb_single_image wpb_content_element vc_align_center">
		
		<figure class="wpb_wrapper vc_figure">
			<div class="vc_single_image-wrapper   vc_box_border_grey"><img decoding="async" class="vc_single_image-img" src="https://spefct.org/wp-content/uploads/2023/03/IMG_3750-scaled-500x300.jpg" width="500" height="300" alt="IMG_3750" title="IMG_3750" loading="lazy"  data-dt-location="https://spefct.org/es/stamford-mentoring-program/img_3750/" /></div>
		</figure>
	</div>
</div></div></div><div class="wpb_column vc_column_container vc_col-sm-4"><div class="vc_column-inner"><div class="wpb_wrapper">
	<div  class="wpb_single_image wpb_content_element vc_align_center">
		
		<figure class="wpb_wrapper vc_figure">
			<div class="vc_single_image-wrapper   vc_box_border_grey"><img decoding="async" class="vc_single_image-img" src="https://spefct.org/wp-content/uploads/2023/03/DSC03015-scaled-500x300.jpg" width="500" height="300" alt="DSC03015" title="DSC03015" loading="lazy"  data-dt-location="https://spefct.org/es/stamford-mentoring-program/dsc03015/" /></div>
		</figure>
	</div>
</div></div></div></div><div class="vc_row wpb_row vc_inner vc_row-fluid"><div class="wpb_column vc_column_container vc_col-sm-12"><div class="vc_column-inner"><div class="wpb_wrapper">
	<div class="wpb_text_column wpb_content_element" >
		<div class="wpb_wrapper">
			<h3><strong>Apoyar las metas de los estudiantes y crear un cambio reflexivo</strong></h3>
<!-- Google tag (gtag.js) -->
<script async src="https://www.googletagmanager.com/gtag/js?id=AW-969747961"></script>
<script>
  window.dataLayer = window.dataLayer || [];
  function gtag(){dataLayer.push(arguments);}
  gtag('js', new Date());

  gtag('config', 'AW-969747961');
</script>
<p>Durante más de una década, el Programa de Mentoría para Escuelas Intermedias de SPEF, reconocido a nivel nacional, ha brindado a los estudiantes recursos y orientación que los ayudan a tener éxito académico, social y emocional. Nos asociamos con voluntarios universitarios, comunitarios y corporativos para brindarles a los estudiantes sesiones semanales de tutoría individuales y grupales con voluntarios capacitados. Actualmente, SPEF ofrece tutoría en escuelas intermedias para los grados sexto a octavo. El Programa de tutoría para escuelas intermedias de SPEF adopta un enfoque holístico para servir a nuestros estudiantes.</p>
<p>Nuestros mentores voluntarios trabajan con los estudiantes para guiarlos a través de cuatro objetivos principales: establecer metas, mejorar el rendimiento académico, participar en actividades positivas después de la escuela y prepararse para el éxito postsecundario. Los estudiantes aprenden habilidades prácticas que son aplicables tanto dentro como fuera del aula. Para fortalecer el impacto del programa en cada individuo y ayudar a facilitar un cambio duradero, los estudiantes del Programa de Mentoría para Escuelas Intermedias de SPEF también se reúnen con un Coordinador del Programa SPEF dos veces al mes, quienes brindan administración de casos y tutoría. Aquí, el Coordinador tiene la oportunidad de identificar necesidades individuales y conectarlas con recursos gratuitos:</p>
<ul>
<li>Socioemocional (asesoramiento profesional),</li>
<li>Académico (tutoría),</li>
<li>Enriquecimiento (coordinar actividades fuera de la escuela con becas según sea necesario),</li>
<li>Participación familiar (conexiones de recursos)</li>
</ul>
<p>Para obtener más información, comuníquese con <a href="mailto:programs@spefct.org">programs@spefct.org</a> o llame al (203) 965-7733.</p>

		</div>
	</div>
</div></div></div></div></div></div></div></div><div class="vc_row wpb_row vc_row-fluid"><div class="wpb_column vc_column_container vc_col-sm-12"><div class="vc_column-inner"><div class="wpb_wrapper"><div class="vc_row wpb_row vc_inner vc_row-fluid"><div class="wpb_column vc_column_container vc_col-sm-12"><div class="vc_column-inner"><div class="wpb_wrapper">
	<div class="wpb_text_column wpb_content_element" >
		<div class="wpb_wrapper">
			<p align="center"><iframe loading="lazy" title="reproductor de videos de youtube" src="https://www.youtube.com/embed/Gql7rK1xZjU" width="560" height="315" frameborder="0" allowfullscreen="allowfullscreen"></iframe></p>

		</div>
	</div>
</div></div></div></div><div class="vc_row wpb_row vc_inner vc_row-fluid vc_column-gap-30 vc_row-o-equal-height vc_row-flex"><div class="wpb_column vc_column_container vc_col-sm-4 vc_col-has-fill"><div class="vc_column-inner vc_custom_1679582806869"><div class="wpb_wrapper">
	<div class="wpb_text_column wpb_content_element  vc_custom_1688665467999" >
		<div class="wpb_wrapper">
			<h3>Jeffry, Turn of River, 7º grado</h3>
<p><em>“Mi mentor me ayudó a tener más confianza; él nos entiende”.</em></p>

		</div>
	</div>
</div></div></div><div class="wpb_column vc_column_container vc_col-sm-4 vc_col-has-fill"><div class="vc_column-inner vc_custom_1679582803010"><div class="wpb_wrapper">
	<div class="wpb_text_column wpb_content_element  vc_custom_1688665410316" >
		<div class="wpb_wrapper">
			<h3>Adela, Rippowam, 7º grado</h3>
<p><em>“Mi mentor me escuchó y me dio buenos consejos”.</em></p>

		</div>
	</div>
</div></div></div><div class="wpb_column vc_column_container vc_col-sm-4 vc_col-has-fill"><div class="vc_column-inner vc_custom_1679582813582"><div class="wpb_wrapper">
	<div class="wpb_text_column wpb_content_element  vc_custom_1688665445590" >
		<div class="wpb_wrapper">
			<h3>Iván, Cloonan, 8º grado</h3>
<p><em>“Mi mentor me ayudó a establecer metas, organizarme y aprender cosas nuevas”.</em></p>

		</div>
	</div>
</div></div></div></div></div></div></div></div></div>

<p>Apoyar las metas de los estudiantes y crear cambios reflexivos Durante más de una década, el programa de tutoría para escuelas intermedias reconocido a nivel nacional de SPEF ha brindado a los estudiantes recursos y orientación que los ayudan a tener éxito académico, social y emocional. Nos asociamos con voluntarios universitarios, comunitarios y corporativos para brindarles a los estudiantes sesiones semanales de tutoría individuales y grupales con voluntarios capacitados. SPEF…</p>
