{"id":1579,"date":"2015-10-15T14:15:25","date_gmt":"2015-10-15T18:15:25","guid":{"rendered":"http:\/\/spefct.org\/?page_id=1579"},"modified":"2026-01-05T13:58:53","modified_gmt":"2026-01-05T18:58:53","slug":"parent-leadership-programs","status":"publish","type":"page","link":"https:\/\/spefct.org\/es\/parent-leadership-programs\/","title":{"rendered":"PROGRAMAS DE LIDERAZGO PARA PADRES"},"content":{"rendered":"<div class=\"wpb-content-wrapper\"><div class=\"vc_row wpb_row vc_row-fluid\"><div class=\"wpb_column vc_column_container vc_col-sm-4\"><div class=\"vc_column-inner\"><div class=\"wpb_wrapper\">\n\t<div  class=\"wpb_single_image wpb_content_element vc_align_left\">\n\t\t\n\t\t<figure class=\"wpb_wrapper vc_figure\">\n\t\t\t<div class=\"vc_single_image-wrapper   vc_box_border_grey\"><img decoding=\"async\" class=\"vc_single_image-img\" src=\"https:\/\/spefct.org\/wp-content\/uploads\/2023\/08\/Session-10.11-group-2-scaled-500x300.jpg\" width=\"500\" height=\"300\" alt=\"Session 10.11 group 2\" title=\"Sesi\u00f3n 10.11 grupo 2\" loading=\"lazy\"  data-dt-location=\"https:\/\/spefct.org\/es\/parent-leadership-programs\/session-10-11-group-2\/\" \/><\/div>\n\t\t<\/figure>\n\t<\/div>\n<\/div><\/div><\/div><div class=\"wpb_column vc_column_container vc_col-sm-4\"><div class=\"vc_column-inner\"><div class=\"wpb_wrapper\">\n\t<div  class=\"wpb_single_image wpb_content_element vc_align_center\">\n\t\t\n\t\t<figure class=\"wpb_wrapper vc_figure\">\n\t\t\t<div class=\"vc_single_image-wrapper   vc_box_border_grey\"><img decoding=\"async\" class=\"vc_single_image-img\" src=\"https:\/\/spefct.org\/wp-content\/uploads\/2023\/08\/DSC00989-scaled-500x300.jpg\" width=\"500\" height=\"300\" alt=\"DSC00989\" title=\"DSC00989\" loading=\"lazy\"  data-dt-location=\"https:\/\/spefct.org\/es\/parent-leadership-programs\/dsc00989\/\" \/><\/div>\n\t\t<\/figure>\n\t<\/div>\n<\/div><\/div><\/div><div class=\"wpb_column vc_column_container vc_col-sm-4\"><div class=\"vc_column-inner\"><div class=\"wpb_wrapper\">\n\t<div  class=\"wpb_single_image wpb_content_element vc_align_left\">\n\t\t\n\t\t<figure class=\"wpb_wrapper vc_figure\">\n\t\t\t<div class=\"vc_single_image-wrapper   vc_box_border_grey\"><img decoding=\"async\" class=\"vc_single_image-img\" src=\"https:\/\/spefct.org\/wp-content\/uploads\/2023\/08\/State-grad-2023-1-500x300.jpg\" width=\"500\" height=\"300\" alt=\"State grad 2023 1\" title=\"Graduado estatal 2023 1\" loading=\"lazy\"  data-dt-location=\"https:\/\/spefct.org\/es\/parent-leadership-programs\/state-grad-2023-1\/\" \/><\/div>\n\t\t<\/figure>\n\t<\/div>\n<\/div><\/div><\/div><\/div><div class=\"vc_row wpb_row vc_row-fluid\"><div class=\"wpb_column vc_column_container vc_col-sm-6 vc_col-has-fill\"><div class=\"vc_column-inner vc_custom_1762183758883\"><div class=\"wpb_wrapper\">\n\t<div class=\"wpb_raw_code wpb_raw_html wpb_content_element vc_custom_1762183679501\" >\n\t\t<div class=\"wpb_wrapper\">\n\t\t\t<div id=\"sTEbZymldX\">\n    <script type=\"text\/javascript\" src=\"https:\/\/default.salsalabs.org\/api\/widget\/template\/12a94d72-32a3-4ef3-a1e7-deb3785af16a\/?tId=sTEbZymldX\" ><\/script>\n<\/div>\n\t\t<\/div>\n\t<\/div>\n<\/div><\/div><\/div><div class=\"wpb_column vc_column_container vc_col-sm-6\"><div class=\"vc_column-inner\"><div class=\"wpb_wrapper\">\n\t<div class=\"wpb_text_column wpb_content_element\" >\n\t\t<div class=\"wpb_wrapper\">\n\t\t\t<h3><strong>EL INSTITUTO DE CAPACITACI\u00d3N DE LIDERAZGO PARA PADRES (PLTI)<\/strong><\/h3>\n<p><strong><a class=\"dt-pswp-item\" href=\"https:\/\/spefct.org\/wp-content\/uploads\/2019\/02\/PLTI-Logo.jpg\" data-dt-img-description=\"\" data-large_image_width=\"169\" data-large_image_height=\"186\"><img loading=\"lazy\" decoding=\"async\" class=\"size-full wp-image-5270 alignleft\" src=\"https:\/\/spefct.org\/wp-content\/uploads\/2019\/02\/PLTI-Logo.jpg\" alt=\"\" width=\"169\" height=\"186\" \/><\/a>\u00a1Es sorprendente lo que un padre puede hacer!<\/strong><\/p>\n<p><span data-olk-copy-source=\"MessageBody\">El equipo de dise\u00f1o del Instituto de capacitaci\u00f3n en liderazgo para padres de Stamford, en asociaci\u00f3n con la Fundaci\u00f3n de educaci\u00f3n p\u00fablica de Stamford, se complace en anunciar el 30.\u00b0 a\u00f1o del Instituto de capacitaci\u00f3n en liderazgo para padres (PLTI) de Stamford, donde se ofrecer\u00e1 capacitaci\u00f3n en liderazgo en profundidad a 20 a 25 participantes seleccionados.<\/span><\/p>\n<p><span data-olk-copy-source=\"MessageBody\">Stamford PLTI est\u00e1 buscando padres, abuelos, tutores u otros adultos que deseen mejorar la vida de los ni\u00f1os, las familias y las comunidades para unirse al programa PLTI 2026 a partir de enero.<br \/>\nLos participantes se convertir\u00e1n en defensores de los ni\u00f1os a trav\u00e9s de:<\/span><\/p>\n<p><span data-olk-copy-source=\"MessageBody\">\u2013 Dos retiros de construcci\u00f3n comunitaria los s\u00e1bados<br \/>\n\u2013 Un curso instructivo de 9 semanas sobre desarrollo comunitario y personal.<br \/>\n\u2013 Un curso de educaci\u00f3n c\u00edvica de 9 semanas sobre pol\u00edtica, pol\u00edticas p\u00fablicas y medios de comunicaci\u00f3n.<br \/>\n\u2013 Un proyecto comunitario escrito<\/span><\/p>\n<p><span data-olk-copy-source=\"MessageBody\">Los candidatos ser\u00e1n seleccionados de un grupo de diversos solicitantes. El Instituto es gratuito; tu aporte es tu tiempo y compromiso.<br \/>\nLa capacitaci\u00f3n se ofrecer\u00e1 con un retiro de d\u00eda completo el s\u00e1bado 24 de enero y clases los jueves por la noche durante 20 semanas, hasta junio. Tambi\u00e9n habr\u00e1 una sesi\u00f3n el s\u00e1bado 28 de marzo. Las clases se impartir\u00e1n de 17:30 a 21:00 h, comenzando con una cena, networking y un momento social de 17:30 a 18:00 h. La capacitaci\u00f3n se impartir\u00e1 \u00fanicamente en ingl\u00e9s. Se proporcionar\u00e1 transporte y cuidado infantil seg\u00fan sea necesario.<br \/>\nLos hijos de participantes de PLTI de 4 a 12 a\u00f1os pueden participar en nuestro Instituto de Capacitaci\u00f3n en Liderazgo Infantil (CLTI), un programa de alfabetizaci\u00f3n que complementa los temas semanales de PLTI. \u00a1Los ni\u00f1os participantes reciben un libro nuevo cada semana!<\/span><\/p>\n<p><span data-olk-copy-source=\"MessageBody\">Para obtener m\u00e1s informaci\u00f3n, comun\u00edquese con Regan Allan, Coordinadora de PLTI al (203) 539-1722 o <\/span><u><a title=\"mailto:rallan@spefct.org\" href=\"mailto:rallan@spefct.org\" data-linkindex=\"0\">rallan@spefct.org<\/a><\/u><\/p>\n\n\t\t<\/div>\n\t<\/div>\n<style type=\"text\/css\" data-type=\"the7_shortcodes-inline-css\">#default-btn-3551205dc2a26d883496b9844e9cb468.ico-right-side > i {\n  margin-right: 0px;\n  margin-left: 8px;\n}\n#default-btn-3551205dc2a26d883496b9844e9cb468 > i {\n  margin-right: 8px;\n}\n<\/style><div class=\"btn-align-center\"><a href=\"https:\/\/www.cognitoforms.com\/SPEF1\/_2026ParentLeadershipTrainingInstitutePLTIApplication\" class=\"default-btn-shortcode dt-btn dt-btn-l link-hover-off full-width-btn\" target=\"_blank\" id=\"default-btn-3551205dc2a26d883496b9844e9cb468\" rel=\"noopener\"><span>Aplicar aqu\u00ed<\/span><\/a><\/div><div class=\"vc_empty_space\"   style=\"height: 32px\"><span class=\"vc_empty_space_inner\"><\/span><\/div><\/div><\/div><\/div><\/div><div class=\"vc_row wpb_row vc_row-fluid\"><div class=\"wpb_column vc_column_container vc_col-sm-12\"><div class=\"vc_column-inner\"><div class=\"wpb_wrapper\"><div class=\"vc_row wpb_row vc_inner vc_row-fluid\"><div class=\"wpb_column vc_column_container vc_col-sm-12\"><div class=\"vc_column-inner\"><div class=\"wpb_wrapper\">\n\t<div class=\"wpb_text_column wpb_content_element\" >\n\t\t<div class=\"wpb_wrapper\">\n\t\t\t<p><em>PLTI es una iniciativa c\u00edvica familiar de la Comisi\u00f3n CT sobre Mujeres, Ni\u00f1os, Personas Mayores, Equidad y Oportunidades. Declaraci\u00f3n de misi\u00f3n: El Instituto de Capacitaci\u00f3n en Liderazgo para Padres busca permitir que los padres se conviertan en defensores l\u00edderes de los ni\u00f1os. Las piedras angulares del programa son el respeto, la validaci\u00f3n y la creencia de que cuando se comprendan las herramientas de la democracia, el p\u00fablico participar\u00e1 activamente en la vida c\u00edvica.<\/em><\/p>\n\n\t\t<\/div>\n\t<\/div>\n<\/div><\/div><\/div><\/div>\n\t<div class=\"wpb_text_column wpb_content_element\" >\n\t\t<div class=\"wpb_wrapper\">\n\t\t\t<h3><strong>Padres que Apoyan la Excelencia Educativa (PSEE)<\/strong><\/h3>\n<p><a class=\"dt-single-image\" href=\"http:\/\/spefct.org\/wp-content\/uploads\/2019\/02\/PSEE-Logo.jpg\" data-dt-img-description=\"\"><img loading=\"lazy\" decoding=\"async\" class=\"wp-image-5272 alignleft\" src=\"http:\/\/spefct.org\/wp-content\/uploads\/2019\/02\/PSEE-Logo.jpg\" alt=\"\" width=\"81\" height=\"94\" \/><\/a><span style=\"color: #000000;\">PSEE es un programa de 13 semanas que brinda a los participantes estrategias y herramientas para asociarse con las escuelas y mejorar la educaci\u00f3n de todos los ni\u00f1os. El plan de estudios se centra en los temas de liderazgo, cambio, pol\u00edticas educativas y asociaci\u00f3n. Los l\u00edderes escolares asisten como invitados para facilitar el di\u00e1logo y las asociaciones pol\u00edticas. El programa se ofrece en ingl\u00e9s. Se proporciona cuidado de ni\u00f1os, cena y transporte.<\/span><\/p>\n\n\t\t<\/div>\n\t<\/div>\n<\/div><\/div><\/div><\/div><div class=\"vc_row wpb_row vc_row-fluid\"><div class=\"wpb_column vc_column_container vc_col-sm-12\"><div class=\"vc_column-inner\"><div class=\"wpb_wrapper\">\n\t<div class=\"wpb_text_column wpb_content_element\" >\n\t\t<div class=\"wpb_wrapper\">\n\t\t\t<h3><strong>People Empowering People (UCONN PEP)<\/strong><\/h3>\n<p><span style=\"color: #000000;\"><img loading=\"lazy\" decoding=\"async\" class=\"wp-image-12404 alignleft\" src=\"https:\/\/spefct.org\/wp-content\/uploads\/2024\/08\/PEP-new-logo-image.jpg\" alt=\"\" width=\"125\" height=\"94\" srcset=\"https:\/\/spefct.org\/wp-content\/uploads\/2024\/08\/PEP-new-logo-image.jpg 800w, https:\/\/spefct.org\/wp-content\/uploads\/2024\/08\/PEP-new-logo-image-300x226.jpg 300w, https:\/\/spefct.org\/wp-content\/uploads\/2024\/08\/PEP-new-logo-image-768x578.jpg 768w, https:\/\/spefct.org\/wp-content\/uploads\/2024\/08\/PEP-new-logo-image-16x12.jpg 16w\" sizes=\"auto, (max-width: 125px) 100vw, 125px\" \/><\/span><\/p>\n<p><span data-olk-copy-source=\"MessageBody\">UConn Personas Empoderando a las Comunidades (PEP)<\/span><\/p>\n<p>El programa UCONN PEP es un programa de 10 semanas para adultos que destaca la conexi\u00f3n entre los individuos y la acci\u00f3n comunitaria. El curr\u00edculo se centra en valores, comunicaci\u00f3n, habilidades para la vida, resoluci\u00f3n de problemas, crianza de los hijos y desarrollo de liderazgo. El programa gratuito se ofrece en espa\u00f1ol e incluye cena y transporte.<\/p>\n<p>Como complemento al programa PEP, el programa Ni\u00f1os Empoderando a la Comunidad (CPEP) busca fortalecer las capacidades de los ni\u00f1os de 4 a 12 a\u00f1os para que asuman roles de liderazgo e impulsen la acci\u00f3n comunitaria. Esto se logra mediante un programa de alfabetizaci\u00f3n de 10 semanas, similar al programa PEP para adultos. Cada semana, los ni\u00f1os reciben un libro gratuito para ampliar su biblioteca personal y reforzar lo aprendido en clase con sus padres. El CPEP se ofrece en ingl\u00e9s.<\/p>\n\n\t\t<\/div>\n\t<\/div>\n<\/div><\/div><\/div><\/div><\/div>","protected":false},"excerpt":{"rendered":"<p>THE PARENT LEADERSHIP TRAINING INSTITUTE (PLTI) It\u2019s Amazing What One Parent Can Do! Stamford\u2019s Parent Leadership Training Institute Design Team in partnership with the Stamford Public Education Foundation is pleased to announce Stamford\u2019s 30th year of the Parent Leadership Training Institute (PLTI) where in-depth leadership training will be offered to 20-25 selected participants. Stamford PLTI&hellip;<\/p>","protected":false},"author":50,"featured_media":0,"parent":0,"menu_order":0,"comment_status":"closed","ping_status":"closed","template":"","meta":{"om_disable_all_campaigns":false,"_monsterinsights_skip_tracking":false,"_monsterinsights_sitenote_active":false,"_monsterinsights_sitenote_note":"","_monsterinsights_sitenote_category":0,"footnotes":""},"class_list":["post-1579","page","type-page","status-publish","hentry","description-off"],"aioseo_notices":[],"_links":{"self":[{"href":"https:\/\/spefct.org\/es\/wp-json\/wp\/v2\/pages\/1579","targetHints":{"allow":["GET"]}}],"collection":[{"href":"https:\/\/spefct.org\/es\/wp-json\/wp\/v2\/pages"}],"about":[{"href":"https:\/\/spefct.org\/es\/wp-json\/wp\/v2\/types\/page"}],"author":[{"embeddable":true,"href":"https:\/\/spefct.org\/es\/wp-json\/wp\/v2\/users\/50"}],"replies":[{"embeddable":true,"href":"https:\/\/spefct.org\/es\/wp-json\/wp\/v2\/comments?post=1579"}],"version-history":[{"count":69,"href":"https:\/\/spefct.org\/es\/wp-json\/wp\/v2\/pages\/1579\/revisions"}],"predecessor-version":[{"id":12919,"href":"https:\/\/spefct.org\/es\/wp-json\/wp\/v2\/pages\/1579\/revisions\/12919"}],"wp:attachment":[{"href":"https:\/\/spefct.org\/es\/wp-json\/wp\/v2\/media?parent=1579"}],"curies":[{"name":"gracias","href":"https:\/\/api.w.org\/{rel}","templated":true}]}}

<div class="wpb-content-wrapper"><div class="vc_row wpb_row vc_row-fluid"><div class="wpb_column vc_column_container vc_col-sm-4"><div class="vc_column-inner"><div class="wpb_wrapper">
	<div  class="wpb_single_image wpb_content_element vc_align_left">
		
		<figure class="wpb_wrapper vc_figure">
			<div class="vc_single_image-wrapper   vc_box_border_grey"><img decoding="async" class="vc_single_image-img" src="https://spefct.org/wp-content/uploads/2023/08/Session-10.11-group-2-scaled-500x300.jpg" width="500" height="300" alt="Session 10.11 group 2" title="Sesión 10.11 grupo 2" loading="lazy"  data-dt-location="https://spefct.org/es/parent-leadership-programs/session-10-11-group-2/" /></div>
		</figure>
	</div>
</div></div></div><div class="wpb_column vc_column_container vc_col-sm-4"><div class="vc_column-inner"><div class="wpb_wrapper">
	<div  class="wpb_single_image wpb_content_element vc_align_center">
		
		<figure class="wpb_wrapper vc_figure">
			<div class="vc_single_image-wrapper   vc_box_border_grey"><img decoding="async" class="vc_single_image-img" src="https://spefct.org/wp-content/uploads/2023/08/DSC00989-scaled-500x300.jpg" width="500" height="300" alt="DSC00989" title="DSC00989" loading="lazy"  data-dt-location="https://spefct.org/es/parent-leadership-programs/dsc00989/" /></div>
		</figure>
	</div>
</div></div></div><div class="wpb_column vc_column_container vc_col-sm-4"><div class="vc_column-inner"><div class="wpb_wrapper">
	<div  class="wpb_single_image wpb_content_element vc_align_left">
		
		<figure class="wpb_wrapper vc_figure">
			<div class="vc_single_image-wrapper   vc_box_border_grey"><img decoding="async" class="vc_single_image-img" src="https://spefct.org/wp-content/uploads/2023/08/State-grad-2023-1-500x300.jpg" width="500" height="300" alt="State grad 2023 1" title="Graduado estatal 2023 1" loading="lazy"  data-dt-location="https://spefct.org/es/parent-leadership-programs/state-grad-2023-1/" /></div>
		</figure>
	</div>
</div></div></div></div><div class="vc_row wpb_row vc_row-fluid"><div class="wpb_column vc_column_container vc_col-sm-6 vc_col-has-fill"><div class="vc_column-inner vc_custom_1762183758883"><div class="wpb_wrapper">
	<div class="wpb_raw_code wpb_raw_html wpb_content_element vc_custom_1762183679501" >
		<div class="wpb_wrapper">
			<div id="sTEbZymldX">
    <script type="text/javascript" src="https://default.salsalabs.org/api/widget/template/12a94d72-32a3-4ef3-a1e7-deb3785af16a/?tId=sTEbZymldX" ></script>
</div>
		</div>
	</div>
</div></div></div><div class="wpb_column vc_column_container vc_col-sm-6"><div class="vc_column-inner"><div class="wpb_wrapper">
	<div class="wpb_text_column wpb_content_element" >
		<div class="wpb_wrapper">
			<h3><strong>EL INSTITUTO DE CAPACITACIÓN DE LIDERAZGO PARA PADRES (PLTI)</strong></h3>
<p><strong><a class="dt-pswp-item" href="https://spefct.org/wp-content/uploads/2019/02/PLTI-Logo.jpg" data-dt-img-description="" data-large_image_width="169" data-large_image_height="186"><img loading="lazy" decoding="async" class="size-full wp-image-5270 alignleft" src="https://spefct.org/wp-content/uploads/2019/02/PLTI-Logo.jpg" alt="" width="169" height="186" /></a>¡Es sorprendente lo que un padre puede hacer!</strong></p>
<p><span data-olk-copy-source="MessageBody">El equipo de diseño del Instituto de capacitación en liderazgo para padres de Stamford, en asociación con la Fundación de educación pública de Stamford, se complace en anunciar el 30.° año del Instituto de capacitación en liderazgo para padres (PLTI) de Stamford, donde se ofrecerá capacitación en liderazgo en profundidad a 20 a 25 participantes seleccionados.</span></p>
<p><span data-olk-copy-source="MessageBody">Stamford PLTI está buscando padres, abuelos, tutores u otros adultos que deseen mejorar la vida de los niños, las familias y las comunidades para unirse al programa PLTI 2026 a partir de enero.<br />
Los participantes se convertirán en defensores de los niños a través de:</span></p>
<p><span data-olk-copy-source="MessageBody">– Dos retiros de construcción comunitaria los sábados<br />
– Un curso instructivo de 9 semanas sobre desarrollo comunitario y personal.<br />
– Un curso de educación cívica de 9 semanas sobre política, políticas públicas y medios de comunicación.<br />
– Un proyecto comunitario escrito</span></p>
<p><span data-olk-copy-source="MessageBody">Los candidatos serán seleccionados de un grupo de diversos solicitantes. El Instituto es gratuito; tu aporte es tu tiempo y compromiso.<br />
La capacitación se ofrecerá con un retiro de día completo el sábado 24 de enero y clases los jueves por la noche durante 20 semanas, hasta junio. También habrá una sesión el sábado 28 de marzo. Las clases se impartirán de 17:30 a 21:00 h, comenzando con una cena, networking y un momento social de 17:30 a 18:00 h. La capacitación se impartirá únicamente en inglés. Se proporcionará transporte y cuidado infantil según sea necesario.<br />
Los hijos de participantes de PLTI de 4 a 12 años pueden participar en nuestro Instituto de Capacitación en Liderazgo Infantil (CLTI), un programa de alfabetización que complementa los temas semanales de PLTI. ¡Los niños participantes reciben un libro nuevo cada semana!</span></p>
<p><span data-olk-copy-source="MessageBody">Para obtener más información, comuníquese con Regan Allan, Coordinadora de PLTI al (203) 539-1722 o </span><u><a title="mailto:rallan@spefct.org" href="mailto:rallan@spefct.org" data-linkindex="0">rallan@spefct.org</a></u></p>

		</div>
	</div>
<style type="text/css" data-type="the7_shortcodes-inline-css">#default-btn-3551205dc2a26d883496b9844e9cb468.ico-right-side > i {
  margin-right: 0px;
  margin-left: 8px;
}
#default-btn-3551205dc2a26d883496b9844e9cb468 > i {
  margin-right: 8px;
}
</style><div class="btn-align-center"><a href="https://www.cognitoforms.com/SPEF1/_2026ParentLeadershipTrainingInstitutePLTIApplication" class="default-btn-shortcode dt-btn dt-btn-l link-hover-off full-width-btn" target="_blank" id="default-btn-3551205dc2a26d883496b9844e9cb468" rel="noopener"><span>Aplicar aquí</span></a></div><div class="vc_empty_space"   style="height: 32px"><span class="vc_empty_space_inner"></span></div></div></div></div></div><div class="vc_row wpb_row vc_row-fluid"><div class="wpb_column vc_column_container vc_col-sm-12"><div class="vc_column-inner"><div class="wpb_wrapper"><div class="vc_row wpb_row vc_inner vc_row-fluid"><div class="wpb_column vc_column_container vc_col-sm-12"><div class="vc_column-inner"><div class="wpb_wrapper">
	<div class="wpb_text_column wpb_content_element" >
		<div class="wpb_wrapper">
			<p><em>PLTI es una iniciativa cívica familiar de la Comisión CT sobre Mujeres, Niños, Personas Mayores, Equidad y Oportunidades. Declaración de misión: El Instituto de Capacitación en Liderazgo para Padres busca permitir que los padres se conviertan en defensores líderes de los niños. Las piedras angulares del programa son el respeto, la validación y la creencia de que cuando se comprendan las herramientas de la democracia, el público participará activamente en la vida cívica.</em></p>

		</div>
	</div>
</div></div></div></div>
	<div class="wpb_text_column wpb_content_element" >
		<div class="wpb_wrapper">
			<h3><strong>Padres que Apoyan la Excelencia Educativa (PSEE)</strong></h3>
<p><a class="dt-single-image" href="http://spefct.org/wp-content/uploads/2019/02/PSEE-Logo.jpg" data-dt-img-description=""><img loading="lazy" decoding="async" class="wp-image-5272 alignleft" src="http://spefct.org/wp-content/uploads/2019/02/PSEE-Logo.jpg" alt="" width="81" height="94" /></a><span style="color: #000000;">PSEE es un programa de 13 semanas que brinda a los participantes estrategias y herramientas para asociarse con las escuelas y mejorar la educación de todos los niños. El plan de estudios se centra en los temas de liderazgo, cambio, políticas educativas y asociación. Los líderes escolares asisten como invitados para facilitar el diálogo y las asociaciones políticas. El programa se ofrece en inglés. Se proporciona cuidado de niños, cena y transporte.</span></p>

		</div>
	</div>
</div></div></div></div><div class="vc_row wpb_row vc_row-fluid"><div class="wpb_column vc_column_container vc_col-sm-12"><div class="vc_column-inner"><div class="wpb_wrapper">
	<div class="wpb_text_column wpb_content_element" >
		<div class="wpb_wrapper">
			<h3><strong>People Empowering People (UCONN PEP)</strong></h3>
<p><span style="color: #000000;"><img loading="lazy" decoding="async" class="wp-image-12404 alignleft" src="https://spefct.org/wp-content/uploads/2024/08/PEP-new-logo-image.jpg" alt="" width="125" height="94" srcset="https://spefct.org/wp-content/uploads/2024/08/PEP-new-logo-image.jpg 800w, https://spefct.org/wp-content/uploads/2024/08/PEP-new-logo-image-300x226.jpg 300w, https://spefct.org/wp-content/uploads/2024/08/PEP-new-logo-image-768x578.jpg 768w, https://spefct.org/wp-content/uploads/2024/08/PEP-new-logo-image-16x12.jpg 16w" sizes="auto, (max-width: 125px) 100vw, 125px" /></span></p>
<p><span data-olk-copy-source="MessageBody">UConn Personas Empoderando a las Comunidades (PEP)</span></p>
<p>El programa UCONN PEP es un programa de 10 semanas para adultos que destaca la conexión entre los individuos y la acción comunitaria. El currículo se centra en valores, comunicación, habilidades para la vida, resolución de problemas, crianza de los hijos y desarrollo de liderazgo. El programa gratuito se ofrece en español e incluye cena y transporte.</p>
<p>Como complemento al programa PEP, el programa Niños Empoderando a la Comunidad (CPEP) busca fortalecer las capacidades de los niños de 4 a 12 años para que asuman roles de liderazgo e impulsen la acción comunitaria. Esto se logra mediante un programa de alfabetización de 10 semanas, similar al programa PEP para adultos. Cada semana, los niños reciben un libro gratuito para ampliar su biblioteca personal y reforzar lo aprendido en clase con sus padres. El CPEP se ofrece en inglés.</p>

		</div>
	</div>
</div></div></div></div></div>
